actor of 2943112?
False
Does 50 divide 3680500?
True
Is 7 a factor of 7633759?
True
Does 521 divide 2563065?
False
Does 48 divide 186441?
False
Is 174357 a multiple of 27?
False
Is 137676 a multiple of 6?
True
Does 16 divide 415856?
True
Is 32 a factor of 2248352?
True
Is 48 a factor of 79296?
True
Does 14 divide 726301?
False
Is 53609 a multiple of 51?
False
Is 13096541 a multiple of 98?
False
Is 577494 a multiple of 37?
False
Does 299 divide 5763130?
False
Is 18 a factor of 2125116?
True
Is 234784 a multiple of 13?
False
Is 12 a factor of 504065?
False
Is 94665 a multiple of 182?
False
Does 572 divide 17549520?
False
Is 5958161 a multiple of 121?
True
Is 277 a factor of 494445?
True
Is 16284 a multiple of 59?
True
Is 40536 a multiple of 18?
True
Is 1763891 a multiple of 18?
False
Is 128628 a multiple of 3?
True
Is 44226 a multiple of 63?
True
Does 11 divide 3366690?
False
Is 5 a factor of 44300?
True
Does 186 divide 15438?
True
Is 10939711 a multiple of 223?
True
Is 51 a factor of 110614?
False
Does 26 divide 37951?
False
Does 38 divide 2436688?
False
Is 174 a factor of 217408?
False
Is 108 a factor of 1223846?
False
Does 10 divide 13260?
True
Is 247755 a multiple of 199?
True
Is 436 a factor of 200407?
False
Is 187 a factor of 72369?
True
Is 108 a factor of 1419336?
True
Does 51 divide 932841?
True
Does 39 divide 6841781?
False
Does 21 divide 82089?
True
Is 467474 a multiple of 2?
True
Does 19 divide 411668?
False
Is 2238150 a multiple of 1041?
True
Is 7824390 a multiple of 266?
True
Is 35 a factor of 150605?
True
Is 318 a factor of 744120?
True
Does 6 divide 464958?
True
Is 231384 a multiple of 31?
True
Is 47 a factor of 7649673?
True
Is 286 a factor of 198484?
True
Is 3311155 a multiple of 12?
False
Does 231 divide 1732269?
True
Is 31 a factor of 181843?
False
Is 62 a factor of 31248?
True
Does 52 divide 860811?
False
Does 11 divide 12722?
False
Is 265 a factor of 655875?
True
Does 124 divide 132944?
False
Is 1998448 a multiple of 8?
True
Is 1503710 a multiple of 26?
True
Does 3 divide 33681?
True
Is 116249 a multiple of 27?
False
Does 291 divide 219541?
False
Does 107 divide 66340?
True
Is 17 a factor of 49813?
False
Is 426272 a multiple of 352?
True
Is 85 a factor of 67235?
True
Is 59 a factor of 1140559?
False
Is 14 a factor of 450939?
False
Is 2974146 a multiple of 133?
True
Does 33 divide 45328?
False
Does 5 divide 87310?
True
Does 188 divide 81592?
True
Is 15 a factor of 531152?
False
Is 162091 a multiple of 21?
False
Is 432267 a multiple of 55?
False
Is 286 a factor of 1218360?
True
Is 43215 a multiple of 201?
True
Is 15 a factor of 504105?
True
Does 7 divide 30264?
False
Is 467150 a multiple of 2?
True
Is 108040 a multiple of 148?
True
Is 1249371 a multiple of 527?
False
Is 6 a factor of 23121?
False
Is 3962995 a multiple of 5?
True
Does 2 divide 2907?
False
Is 190536 a multiple of 136?
True
Is 6 a factor of 539?
False
Is 31 a factor of 727043?
True
Is 715 a factor of 5447216?
False
Is 89160 a multiple of 20?
True
Does 45 divide 107595?
True
Does 3 divide 123255?
True
Is 21120 a multiple of 176?
True
Is 136 a factor of 1854496?
True
Does 172 divide 119860?
False
Is 16 a factor of 634160?
True
Is 51 a factor of 22032?
True
Is 9 a factor of 1354264?
False
Is 15 a factor of 4440?
True
Does 33 divide 15230828?
False
Is 140547 a multiple of 48?
False
Is 14663414 a multiple of 8?
False
Is 153 a factor of 147186?
True
Is 6715061 a multiple of 4?
False
Does 42 divide 169361?
False
Does 73 divide 345122?
False
Is 13 a factor of 713615?
False
Is 90 a factor of 122760?
True
Is 7073640 a multiple of 45?
True
Is 2345019 a multiple of 306?
False
Is 782191 a multiple of 116?
False
Does 90 divide 78636?
False
Is 85 a factor of 370430?
True
Does 130 divide 21930220?
True
Is 369 a factor of 1821202?
False
Is 321 a factor of 18092844?
True
Is 3 a factor of 2506355?
False
Is 51555 a multiple of 21?
True
Is 213 a factor of 272566?
False
Does 651 divide 47523?
True
Is 55 a factor of 1819730?
True
Is 125280 a multiple of 216?
True
Does 81 divide 82134?
True
Is 767763 a multiple of 1162?
False
Does 66 divide 284443?
False
Is 95 a factor of 1488276?
False
Does 19 divide 111112?
True
Is 75 a factor of 787774?
False
Is 654 a factor of 4290746?
False
Does 3 divide 639429?
True
Does 235 divide 1103367?
False
Is 81 a factor of 137054?
False
Is 122598 a multiple of 18?
True
Does 18 divide 540220?
False
Is 760518 a multiple of 263?
False
Is 164 a factor of 1957012?
True
Is 443238 a multiple of 93?
True
Is 2614 a factor of 36789436?
True
Is 195 a factor of 49559?
False
Does 164 divide 802944?
True
Is 292400 a multiple of 34?
True
Does 361 divide 92631?
False
Does 13 divide 311548?
False
Does 28 divide 435904?
True
Is 401 a factor of 18735923?
True
Is 73 a factor of 548449?
True
Is 161 a factor of 290283?
True
Does 10 divide 30852?
False
Does 32 divide 349728?
True
Is 94 a factor of 171181?
False
Is 85 a factor of 644535?
False
Is 270 a factor of 3170468?
False
Is 39 a factor of 110838?
True
Is 1140 a factor of 4641719?
False
Is 1739788 a multiple of 747?
False
Is 36392 a multiple of 10?
False
Is 145 a factor of 306051?
False
Is 128057 a multiple of 133?
False
Does 51 divide 7650?
True
Is 10152296 a multiple of 308?
True
Does 402 divide 1709706?
True
Is 1039771 a multiple of 21?
False
Is 16520 a multiple of 140?
True
Is 19 a factor of 2098036?
False
Is 2286270 a multiple of 30?
True
Is 64193 a multiple of 22?
False
Is 32504 a multiple of 34?
True
Does 76 divide 15698163?
False
Does 126 divide 362538?
False
Is 346002 a multiple of 10?
False
Does 6 divide 1685190?
True
Is 638605 a multiple of 27?
False
Does 2 divide 324435?
False
Is 4407392 a multiple of 88?
True
Is 4 a factor of 281420?
True
Is 661932 a multiple of 146?
False
Does 17 divide 597347?
False
Is 671 a factor of 46970?
True
Is 58 a factor of 3068954?
True
Is 4 a factor of 1020694?
False
Is 680061 a multiple of 397?
True
Is 25 a factor of 2694050?
True
Is 276 a factor of 8867052?
True
Does 43 divide 14327127?
True
Is 37962 a multiple of 214?
False
Is 238942 a multiple of 11?
True
Is 49 a factor of 1296268?
False
Is 6 a factor of 731730?
True
Is 7095029 a multiple of 10?
False
Is 293 a factor of 184231?
False
Does 179 divide 34726?
True
Is 58 a factor of 157200?
False
Is 18 a factor of 8452695?
False
Is 94 a factor of 1474390?
True
Is 463 a factor of 168069?
True
Is 3 a factor of 11760?
True
Is 106 a factor of 124078?
False
Is 218 a factor of 598628?
True
Is 12 a factor of 386328?
True
Is 157 a factor of 3219756?
True
Is 1161120 a multiple of 615?
True
Does 933 divide 5420983?
False
Is 22 a factor of 95214?
False
Is 6826933 a multiple of 50?
False
Is 240702 a multiple of 621?
False
Is 248332 a multiple of 200?
False
Does 2 divide 1442175?
False
Does 394 divide 4097302?
False
Does 93 divide 374883?
True
Does 20 divide 5942234?
False
Does 9 divide 20943?
True
Is 60 a factor of 1991700?
True
Is 1032 a factor of 5531420?
False
Is 212 a factor of 181260?
True
Is 492735 a multiple of 826?
False
Is 2358914 a multiple of 11?
False
Is 12 a factor of 1228056?
True
Does 19 divide 3933?
True
Does 3 divide 85878?
True
Is 36 a factor of 488334?
False
Is 108566 a multiple of 26?
False
Does 13 divide 18542?
False
Does 463 divide 994061?
True
Does 169 divide 308256?
True
Is 11 a factor of 316831?
False
Is 290574 a multiple of 6?
True
Is 117 a factor of 2155374?
True
Is 890200 a multiple of 7?
False
Does 12 divide 21179?
False
Does 274 divide 376702?
False
Is 182 a factor of 12516835?
False
Is 156 a factor of 34944?
True
Is 1423744 a multiple of 28?
True
Is 33 a factor of 185666?
False
Is 570 a factor of 961590?
True
Is 153580 a multiple of 70?
True
Is 202360 a multiple of 20?
True
Is 837 a factor of 87885?
True
Is 7979230 a multiple of 10?
True
Is 32 a factor of 11584?
True
Is 62101 a multiple of 221?
True
Is 6 a factor of 77952?
True
Does 384 divide 1486464?
True
Is 332996 a multiple of 426?
False
Is 215026 a multiple of 20?
False
Is 2 a factor of 11077?
False
Is 3 a factor of 14427?
True
Does 181 divide 159099?
True
Is 135146 a multiple of 21?
False
Is 36 a factor of 107496?
True
Does 210 divide 75810?
True
Is 374598 a multiple of 14?
True
Is 251043 a multiple of 123?
True
Is 16511650 a multiple of 72?
False
Does 15